.
33
Let s(x) = 2*x**2 - 5*x + 7. Let f(p) = -p**3 + p**2 - 1. Let r be f(-1). What is the remainder when 6 is divided by s(r)?
2
Let d = 7579 + -7412. What is the remainder when d is divided by 5?
2
Let f(n) = 4*n**2 - 56*n - 39. What is the remainder when ((-18)/(-54))/((-2)/(-1998)*1) is divided by f(15)?
18
Let n be 2*(-3)/(-6) - -2 - -27. Let l = -3 + n. Calculate the remainder when l is divided by 18/(-9) - 1*-17.
12
Suppose 73*l - 3*p + 25510 = 77*l, 21*l + 5*p = 133949. What is the remainder when l is divided by 112?
107
Let y = 92 + -88. Suppose i - 133 = -2*m, y*m - 2*i - 355 = -m. Suppose 0 = 8*k - 27 - m. Calculate the remainder when 93 is divided by k.
9
Suppose -5 = q + 5*o, -37*o + 18 = -39*o. What is the remainder when q is divided by 25?
15
Suppose 189 = -z + 2*k + 2390, 0 = 5*z - 4*k - 10975. What is the remainder when z is divided by 198?
13
Suppose 2*h - 219 + 229 = 4*i, 4*h = -i + 34. What is the remainder when h is divided by 4?
3
Calculate the remainder when 280 is divided by 0 + 0 + (-29 - -149) + -1.
42
Let k = -7504 - -8360. Calculate the remainder when k is divided by 401.
54
Suppose -475*o = -238*o - 17301. What is the remainder when 2931 is divided by o?
11
Let y(m) = -m**2 + 28*m - 18. Let c be y(27). Suppose -c*f = 116 - 1313. Calculate the remainder when f is divided by 27.
25
Suppose 8*f - 112 = 728. Suppose -f - 80 = -5*u. What is the remainder when 107 is divided by u?
33
Let h = -25 + -70. Let b = h - -106. What is the remainder when 64 is divided by b?
9
Suppose -3*w = -3*k + 18, -k - 5*w - 16 = k. Suppose 2*n + 3*n - 785 = 0. What is the remainder when n is divided by k/(((-44)/64)/(-11))?
29
Let u(i) = -2*i + 15. Let q be u(3). Suppose q*r - 113 = 1525. Suppose 0 = -2*f + y + r, 0*y = 3*f + 5*y - 260. What is the remainder when f is divided by 46?
44
Calculate the remainder when 24/(-18) - (8 + (-12614)/42) is divided by 24.
3
Let s(h) = 21*h**2 - 46*h + 329. What is the remainder when s(-6) is divided by 6?
5
Suppose 22*a = -2*n + 19*a + 7717, 3*a - 19288 = -5*n. What is the remainder when n is divided by 11?
7
Let o = 10126 - 10103. Calculate the remainder when 62 is divided by o.
16
Let o = 1986 - 1950. Suppose f - 8 - 19 = -5*n, 4*f = -3*n + 91. Calculate the remainder when o is divided by f.
14
Suppose 5*d - 3*m - 485 = 0, 3*d = 5*d - m - 195. Let o = d - 60. Calculate the remainder when 152 is divided by o.
32
Suppose 4*t + 650 + 298 = 0. Let y = t + 245. What is the remainder when y is divided by 5?
3
Let y(o) = o**2 + 10*o + 28. Let q be y(-6). Suppose 0 = -i + q, -5*i + 10*i = -2*n + 28. Suppose -24 + 8 = -2*l. What is the remainder when l is divided by n?
0
Suppose w - 6 = -0*w. Calculate the remainder when 18165/420 + (-27)/12 is divided by w.
5
Calculate the remainder when 4798 is divided by (-150)/(-4)*32/24.
48
Suppose -x - 5*k + 37 = 0, -x - 7*k + 35 = -3*k. Let q = -19 + 38. What is the remainder when x is divided by q?
8
Suppose -32 = -7*a + 255. What is the remainder when a is divided by 3 + ((-17)/(-2) - 140/56)?
5
Let m = 132 - 169. Let j(o) = 2*o**3 - 3*o + 2. Let w be j(-3). Let k = m - w. Calculate the remainder when 21 is divided by k.
3
Let q(l) = -l**2 + 9. Let c(t) = -t**2 + t + 9. Let f(b) = 3*c(b) - 2*q(b). What is the remainder when 26 is divided by f(0)?
8
Let n(h) be the third derivative of h**4/24 + 6*h**3 - 77*h**2. What is the remainder when n(11) is divided by 38?
9
Let g(i) = -i**3 + 65*i**2 + 66*i + 91. Suppose -34 = -k - k. What is the remainder when g(66) is divided by k?
6
Let r(m) = 6*m + 23. Suppose -3*k + 128 = 2*f - 6*f, -48 = -k - 4*f. What is the remainder when r(18) is divided by k?
43
Suppose 0 = -3*m + 9, -2*j - 161 = -4*j - m. What is the remainder when j is divided by 490/18 - (-3 + (-174)/(-54))?
25
Let u = 384 - 316. What is the remainder when 1153 is divided by u?
65
Let x(q) = q**3 + 88*q**2 + 94*q + 617. What is the remainder when x(-87) is divided by 5/1*(4 + -3)?
3
Calculate the remainder when (2594/4)/(55/110) is divided by 20.
17
Suppose -13*m = 4 + 48. Calculate the remainder when 73 is divided by m + (-126 + -7)/(-7).
13
Let d(n) = 1104*n + 7736. Calculate the remainder when 361 is divided by d(-7).
1
Let f = -6133 - -6653. Let t = -168 - -255. What is the remainder when f is divided by t?
85
What is the remainder when 613*21/((-462)/(-1034)) is divided by 17?
13
Let h = -74 + 109. Let j = 676 + -337. What is the remainder when -3*(3 - j/9) is divided by h?
34
Let p = -7512 - -8019. Calculate the remainder when p is divided by 41.
15
Let i = -43 - -122. What is the remainder when i is divided by (-122)/(-6) - 6/(-9)?
16
Let y(v) = 126 - 112 - 8*v + 11*v. What is the remainder when y(-4) is divided by (12/(-30))/((-2)/5)?
0
Suppose 0 = 4*v - 3*n - 137, 89*n - 91*n = 2*v - 58. Let z be 2/4 - 1917/(-6). Calculate the remainder when v is divided by (-6)/(-27) + z/18.
14
Suppose -2*y = 4*s - 10, 3*s = -0*s - 5*y + 4. Suppose -19*d + 168 + s = 0. What is the remainder when 44 is divided by d?
8
Let j be (208/(-20))/(-1) + 2/(-5). Suppose t - 15 = -2*a - 1, 4*t + 2*a = 74. Suppose 0 = 19*l - t*l + j. Calculate the remainder when 30 is divided by l.
0
Let l = -14371 - -14374. Suppose 5*m - 2*m - 14 = 4*g, 6 = -3*g. Suppose m*p - 5 + 1 = 0. What is the remainder when l is divided by p?
1
Let r(h) = h**3 + 26*h**2 + 11*h + 149. Let f be r(-28). Let k = 1742 + f. Suppose -16 = -0*c - 4*c. Calculate the remainder when k is divided by c.
3
Let h(b) = 20*b + 25. Calculate the remainder when 74 is divided by h(1).
29
Let s = 33533 - 31870. Calculate the remainder when s is divided by 87.
10
Let v = -53 - -54. Let l(x) = 33*x - 49. Calculate the remainder when (v + -1 + -1)/(4/(-264)) is divided by l(2).
15
Let y be (-1 - -8 - 8)/((-3)/687). Suppose 5*b + 104 = y. What is the remainder when 35 is divided by b?
10
Suppose 1443 = -15*y + 10398. Suppose 595*l - y*l + 154 = 0. Calculate the remainder when 78 is divided by l.
1
Let w = 33143 - 32045. Calculate the remainder when w is divided by 56.
34
Suppose 2184 = 5*o - o. Suppose 6*r = -r + o. Suppose 0 = -4*q + q + r. What is the remainder when q is divided by 15?
11
What is the remainder when 76 is divided by (26 - 10 - -11) + -4?
7
Suppose 1031*o - 1019*o - 912 = 0. Calculate the remainder when o is divided by 23.
7
Suppose -4*z + 3*j = -0*z - 8, -2 = -z - 2*j. Let m = -67 + 222. Suppose 4*x = z*g - 57 - 65, 3*g - m = -x. What is the remainder when g is divided by 18?
17
Calculate the remainder when -2 - (-7)/3 - 12750/(-90) is divided by 71.
0
Suppose -1976*b - 8622 = -1985*b. What is the remainder when b is divided by 192?
190
Calculate the remainder when 422 is divided by (792/12)/6 - -134.
132
Suppose 261 = -39*g + 1392. Suppose -2*u = 32*w - g*w - 295, 3*w + 15 = 0. What is the remainder when u is divided by 13?
12
Suppose -2*o - 882*n + 446 = -887*n, 0 = o + 5*n - 253. Calculate the remainder when o is divided by 17 + (-2 - (-1 - 2)).
17
Suppose 2 = 5*m - 3, -4*i = 3*m + 21. Let x(t) = t**2 - 7. Let l = -5232 + 5248. What is the remainder when x(i) is divided by l?
13
Let c = -625 - -444. Let i = c - -197. Let s = 23 - 14. Calculate the remainder when i is divided by s.
7
Let b(t) = t**3 - 11*t**2 + t - 6. Suppose -10*p + 132 = -8*p. Suppose 5*z = -z + p. Calculate the remainder when 14 is divided by b(z).
4
Suppose -13*f - 73 - 161 = 0. Let r = -4 - f. Calculate the remainder when 55 is divided by r.
13
Let x be (-2)/(2/1) + 3. What is the remainder when 0 - (-2 + (-2)/x) is divided by (-9)/(-5) + ((-4)/(80/(-44)) - 1)?
0
Let s(n) = 2*n + 18. Let u be s(-11). Let h(p) = p**3 + 5*p**2 - 3*p - 4. Calculate the remainder when 3 - (u*9 - -1) is divided by h(-5).
5
What is the remainder when 195 is divided by -3 + -12 - (-41 + 7)?
5
Suppose 0 = -j + 72*j - 7171. Calculate the remainder when 907 is divided by j.
99
Let v(p) = -p - 2. Suppose 2*a = s - 66 - 33, -s = -3. Let n = a + 56. What is the remainder when n is divided by v(-5)?
2
Suppose 164 + 112 = 23*r. What is the remainder when 1879 is divided by r?
7
Suppose x + 18 = -2*x. Let n be (-8)/(-12) + (-14)/x. Suppose 15 + 27 = n*h. Calculate the remainder when h is divided by 6.
2
Let i = -4257 - -4274. Suppose -22*x + 50 = -20*x. What is the rema